{"id":18800,"date":"2024-05-23T15:55:55","date_gmt":"2024-05-23T13:55:55","guid":{"rendered":"https:\/\/www.anpimacerata.it\/?page_id=18800"},"modified":"2024-05-23T15:55:57","modified_gmt":"2024-05-23T13:55:57","slug":"fosse-ardeatine-in-ricordo-del-matelicese-carlo-mosciatti","status":"publish","type":"page","link":"https:\/\/www.anpimacerata.it\/?page_id=18800","title":{"rendered":"FOSSE ARDEATINE in ricordo del matelicese Carlo Mosciatti"},"content":{"rendered":"\n<p>Carissimi,<\/p>\n\n\n\n<p>vi segnalo la seguente iniziativa della Sezione ANPI &#8220;Ventiquattro Marzo&#8221; e dall&#8217;ANPI Provinciale, con il patrocinio del Comune di Matelica.<\/p>\n\n\n\n<p><strong>L&#8217;incontro &#8220;Fosse Ardeatine &#8211; A 80 anni dall&#8217;eccidio, in ricordo del matelicese Carlo Mosciatti&#8221; si svolger\u00e0 a Matelica presso il Teatro &#8220;G. Piermarini&#8221; marted\u00ec 28 maggio alle 21.<\/strong><\/p>\n\n\n\n<p>Quest&#8217;anno ricorrono gli 80 anni dall&#8217;eccidio delle Fosse Ardeatine (24 marzo 1944), evento drammatico che riguarda il nostro territorio molto pi\u00f9 da vicino di quanto si possa pensare: infatti una delle 335 vittime trucidate dai nazifascisti \u00e8 Carlo Mosciatti, nato a Matelica nel 1924.<\/p>\n\n\n\n<p>Nell&#8217;incontro approfondiremo come Carlo Mosciatti e quasi tutte le altre vittime dell&#8217;eccidio delle Fosse Ardeatine sono state identificate con tecniche all&#8217;avanguardia per l&#8217;epoca (nel 1944 non era stato ancora scoperto il DNA!) restituendogli cos\u00ec nome, identit\u00e0 e dignit\u00e0 e dando finalmente certezze ai loro cari: l&#8217;impegno per l&#8217;identificazione delle vittime \u00e8 una responsabilit\u00e0 nei confronti della collettivit\u00e0 e della Storia.<\/p>\n\n\n\n<p>Dopo una introduzione a cura della Sezione ANPI &#8220;Ventiquattro Marzo&#8221; interverranno:<\/p>\n\n\n\n<p>Prof. Mariano Cingolani (UniMc): &#8220;Diritto al nome e Fosse Ardeatine: quali insegnamenti?&#8221;<\/p>\n\n\n\n<p>Dr.ssa Lucrezia Boari (UniMc): &#8220;Eccidio delle Fosse Ardeatine: le procedure di identificazione&#8221;<\/p>\n\n\n\n<p>In allegato la locandina in diversi formati per comodit\u00e0.Siete invitati a partecipare e a diffondere l&#8217;invito tra i Vostri iscritti e simpatizzanti.<\/p>\n\n\n\n<p>Cordiali saluti<\/p>\n\n\n\n<p>Lucrezia Boari, segreteria provinciale ANPI Macerata<\/p>\n","protected":false},"excerpt":{"rendered":"<p>Carissimi, vi segnalo la seguente iniziativa della Sezione ANPI &#8220;Ventiquattro Marzo&#8221; e dall&#8217;ANPI Provinciale, con il patrocinio del Comune di Matelica. L&#8217;incontro &#8220;Fosse Ardeatine &#8211; A 80 anni dall&#8217;eccidio, in ricordo del matelicese Carlo Mosciatti&#8221; si svolger\u00e0 a Matelica presso il Teatro &#8220;G. Piermarini&#8221; marted\u00ec 28 maggio alle 21. Quest&#8217;anno ricorrono gli 80 anni dall&#8217;eccidio [&hellip;]<\/p>\n","protected":false},"author":7,"featured_media":0,"parent":0,"menu_order":0,"comment_status":"closed","ping_status":"closed","template":"","meta":{"_mc_calendar":[],"footnotes":""},"class_list":["post-18800","page","type-page","status-publish","hentry"],"_links":{"self":[{"href":"https:\/\/www.anpimacerata.it\/index.php?rest_route=\/wp\/v2\/pages\/18800","targetHints":{"allow":["GET"]}}],"collection":[{"href":"https:\/\/www.anpimacerata.it\/index.php?rest_route=\/wp\/v2\/pages"}],"about":[{"href":"https:\/\/www.anpimacerata.it\/index.php?rest_route=\/wp\/v2\/types\/page"}],"author":[{"embeddable":true,"href":"https:\/\/www.anpimacerata.it\/index.php?rest_route=\/wp\/v2\/users\/7"}],"replies":[{"embeddable":true,"href":"https:\/\/www.anpimacerata.it\/index.php?rest_route=%2Fwp%2Fv2%2Fcomments&post=18800"}],"version-history":[{"count":1,"href":"https:\/\/www.anpimacerata.it\/index.php?rest_route=\/wp\/v2\/pages\/18800\/revisions"}],"predecessor-version":[{"id":18802,"href":"https:\/\/www.anpimacerata.it\/index.php?rest_route=\/wp\/v2\/pages\/18800\/revisions\/18802"}],"wp:attachment":[{"href":"https:\/\/www.anpimacerata.it\/index.php?rest_route=%2Fwp%2Fv2%2Fmedia&parent=18800"}],"curies":[{"name":"wp","href":"https:\/\/api.w.org\/{rel}","templated":true}]}}

<p>Carissimi,</p>



<p>vi segnalo la seguente iniziativa della Sezione ANPI &#8220;Ventiquattro Marzo&#8221; e dall&#8217;ANPI Provinciale, con il patrocinio del Comune di Matelica.</p>



<p><strong>L&#8217;incontro &#8220;Fosse Ardeatine &#8211; A 80 anni dall&#8217;eccidio, in ricordo del matelicese Carlo Mosciatti&#8221; si svolgerà a Matelica presso il Teatro &#8220;G. Piermarini&#8221; martedì 28 maggio alle 21.</strong></p>



<p>Quest&#8217;anno ricorrono gli 80 anni dall&#8217;eccidio delle Fosse Ardeatine (24 marzo 1944), evento drammatico che riguarda il nostro territorio molto più da vicino di quanto si possa pensare: infatti una delle 335 vittime trucidate dai nazifascisti è Carlo Mosciatti, nato a Matelica nel 1924.</p>



<p>Nell&#8217;incontro approfondiremo come Carlo Mosciatti e quasi tutte le altre vittime dell&#8217;eccidio delle Fosse Ardeatine sono state identificate con tecniche all&#8217;avanguardia per l&#8217;epoca (nel 1944 non era stato ancora scoperto il DNA!) restituendogli così nome, identità e dignità e dando finalmente certezze ai loro cari: l&#8217;impegno per l&#8217;identificazione delle vittime è una responsabilità nei confronti della collettività e della Storia.</p>



<p>Dopo una introduzione a cura della Sezione ANPI &#8220;Ventiquattro Marzo&#8221; interverranno:</p>



<p>Prof. Mariano Cingolani (UniMc): &#8220;Diritto al nome e Fosse Ardeatine: quali insegnamenti?&#8221;</p>



<p>Dr.ssa Lucrezia Boari (UniMc): &#8220;Eccidio delle Fosse Ardeatine: le procedure di identificazione&#8221;</p>



<p>In allegato la locandina in diversi formati per comodità.Siete invitati a partecipare e a diffondere l&#8217;invito tra i Vostri iscritti e simpatizzanti.</p>



<p>Cordiali saluti</p>



<p>Lucrezia Boari, segreteria provinciale ANPI Macerata</p>

<p>Carissimi, vi segnalo la seguente iniziativa della Sezione ANPI &#8220;Ventiquattro Marzo&#8221; e dall&#8217;ANPI Provinciale, con il patrocinio del Comune di Matelica. L&#8217;incontro &#8220;Fosse Ardeatine &#8211; A 80 anni dall&#8217;eccidio, in ricordo del matelicese Carlo Mosciatti&#8221; si svolgerà a Matelica presso il Teatro &#8220;G. Piermarini&#8221; martedì 28 maggio alle 21. Quest&#8217;anno ricorrono gli 80 anni dall&#8217;eccidio [&hellip;]</p>
